{"id":14,"date":"2019-03-13T21:55:24","date_gmt":"2019-03-13T21:55:24","guid":{"rendered":"http:\/\/bartgazz.pl\/?page_id=14"},"modified":"2022-01-30T22:00:21","modified_gmt":"2022-01-30T22:00:21","slug":"oferta","status":"publish","type":"page","link":"http:\/\/bartgazz.pl\/index.php\/oferta\/","title":{"rendered":"Oferta"},"content":{"rendered":"\n<p>Szanowni\nPa\u0144stwo,<\/p>\n\n\n\n<p>Butle gazowe oferowane przez nasz\u0105 firm\u0119 to\nwszechstronne \u017ar\u00f3d\u0142o energii, powszechnie stosowane w sektorze us\u0142ug oraz w\nlicznych ga\u0142\u0119ziach przemys\u0142u. Stanowi\u0105 popularny spos\u00f3b zasilania w\u00f3zk\u00f3w\nwid\u0142owych. S\u0105 r\u00f3wnie\u017c z powodzeniem wykorzystywane w wielu procesach\nprodukcyjnych i technologicznych, oraz w gastronomi i transporcie. W zale\u017cno\u015bci\nod zastosowania nasze produkty nape\u0142niane s\u0105 mieszanin\u0105 gaz\u00f3w propan-butan lub\nczystym propanem \u2013 gazem bardziej wydajnym i pozwalaj\u0105cym na prac\u0119 w szerszym\nzakresie temperatur (od -40 \u00b0C do +40 \u00b0C).<\/p>\n\n\n\n<p>Zastosowanie:<\/p>\n\n\n\n<p>Gaz w butlach &nbsp;mo\u017ce by\u0107 u\u017cywany w kuchniach, zar\u00f3wno dla urz\u0105dze\u0144\nsta\u0142ych jak i przeno\u015bnych. Jest tak\u017ce idealnym rozwi\u0105zaniem dla ma\u0142ych,\nmobilnych restauracji oferuj\u0105cych dania typu fast food. Dodatkowo mo\u017ce by\u0107\nu\u017cywany w urz\u0105dzeniach grzewczych czy ozdobnych kominkach. Dostarczane przez\nnas butle mog\u0105 by\u0107 wykorzystywane &nbsp;m.in.\ndo prac na placu budowy zwi\u0105zanych z suszeniem za pomoc\u0105 palnik\u00f3w\natmosferycznych lub wiatrakowych, spawania, ci\u0119cia, wypalania, lutowania,\nhartowania, grzania bitumicznych pokry\u0107 dachowych oraz pozbywania si\u0119 chwast\u00f3w\nmetod\u0105 termiczn\u0105. Znajduj\u0105 zastosowanie tak\u017ce w laboratoriach dentystycznych,\nchemicznych oraz fizycznych jako \u017ar\u00f3d\u0142o energii czy ciep\u0142a.<\/p>\n","protected":false},"excerpt":{"rendered":"<p>Szanowni Pa\u0144stwo, Butle gazowe oferowane przez nasz\u0105 firm\u0119 to wszechstronne \u017ar\u00f3d\u0142o energii, powszechnie stosowane w sektorze us\u0142ug oraz w licznych ga\u0142\u0119ziach przemys\u0142u. Stanowi\u0105 popularny spos\u00f3b zasilania w\u00f3zk\u00f3w wid\u0142owych. S\u0105 r\u00f3wnie\u017c &#8230;<\/p>\n","protected":false},"author":1,"featured_media":0,"parent":0,"menu_order":0,"comment_status":"closed","ping_status":"closed","template":"","meta":[],"_links":{"self":[{"href":"http:\/\/bartgazz.pl\/index.php\/wp-json\/wp\/v2\/pages\/14"}],"collection":[{"href":"http:\/\/bartgazz.pl\/index.php\/wp-json\/wp\/v2\/pages"}],"about":[{"href":"http:\/\/bartgazz.pl\/index.php\/wp-json\/wp\/v2\/types\/page"}],"author":[{"embeddable":true,"href":"http:\/\/bartgazz.pl\/index.php\/wp-json\/wp\/v2\/users\/1"}],"replies":[{"embeddable":true,"href":"http:\/\/bartgazz.pl\/index.php\/wp-json\/wp\/v2\/comments?post=14"}],"version-history":[{"count":7,"href":"http:\/\/bartgazz.pl\/index.php\/wp-json\/wp\/v2\/pages\/14\/revisions"}],"predecessor-version":[{"id":113,"href":"http:\/\/bartgazz.pl\/index.php\/wp-json\/wp\/v2\/pages\/14\/revisions\/113"}],"wp:attachment":[{"href":"http:\/\/bartgazz.pl\/index.php\/wp-json\/wp\/v2\/media?parent=14"}],"curies":[{"name":"wp","href":"https:\/\/api.w.org\/{rel}","templated":true}]}}