{"id":65,"date":"2019-06-20T21:22:30","date_gmt":"2019-06-20T21:22:30","guid":{"rendered":"http:\/\/bartgazz.pl\/?page_id=65"},"modified":"2019-06-20T21:22:30","modified_gmt":"2019-06-20T21:22:30","slug":"zasieg","status":"publish","type":"page","link":"http:\/\/bartgazz.pl\/index.php\/zasieg\/","title":{"rendered":"Zasi\u0119g"},"content":{"rendered":"\n<figure class=\"wp-block-image\"><img loading=\"lazy\" width=\"1024\" height=\"618\" src=\"http:\/\/bartgazz.pl\/wp-content\/uploads\/2019\/06\/ZASI\u0118G-1024x618.png\" alt=\"\" class=\"wp-image-66\" srcset=\"http:\/\/bartgazz.pl\/wp-content\/uploads\/2019\/06\/ZASI\u0118G-1024x618.png 1024w, http:\/\/bartgazz.pl\/wp-content\/uploads\/2019\/06\/ZASI\u0118G-300x181.png 300w, http:\/\/bartgazz.pl\/wp-content\/uploads\/2019\/06\/ZASI\u0118G-768x463.png 768w, http:\/\/bartgazz.pl\/wp-content\/uploads\/2019\/06\/ZASI\u0118G.png 1545w\" sizes=\"(max-width: 1024px) 100vw, 1024px\" \/><figcaption>G\u0142\u00f3wny i ca\u0142kowity obszar  dzia\u0142alno\u015bci<\/figcaption><\/figure>\n\n\n\n<p><\/p>\n","protected":false},"excerpt":{"rendered":"","protected":false},"author":1,"featured_media":0,"parent":0,"menu_order":0,"comment_status":"closed","ping_status":"closed","template":"","meta":[],"_links":{"self":[{"href":"http:\/\/bartgazz.pl\/index.php\/wp-json\/wp\/v2\/pages\/65"}],"collection":[{"href":"http:\/\/bartgazz.pl\/index.php\/wp-json\/wp\/v2\/pages"}],"about":[{"href":"http:\/\/bartgazz.pl\/index.php\/wp-json\/wp\/v2\/types\/page"}],"author":[{"embeddable":true,"href":"http:\/\/bartgazz.pl\/index.php\/wp-json\/wp\/v2\/users\/1"}],"replies":[{"embeddable":true,"href":"http:\/\/bartgazz.pl\/index.php\/wp-json\/wp\/v2\/comments?post=65"}],"version-history":[{"count":1,"href":"http:\/\/bartgazz.pl\/index.php\/wp-json\/wp\/v2\/pages\/65\/revisions"}],"predecessor-version":[{"id":67,"href":"http:\/\/bartgazz.pl\/index.php\/wp-json\/wp\/v2\/pages\/65\/revisions\/67"}],"wp:attachment":[{"href":"http:\/\/bartgazz.pl\/index.php\/wp-json\/wp\/v2\/media?parent=65"}],"curies":[{"name":"wp","href":"https:\/\/api.w.org\/{rel}","templated":true}]}}