{"id":91,"date":"2022-01-30T21:53:29","date_gmt":"2022-01-30T21:53:29","guid":{"rendered":"http:\/\/bartgazz.pl\/?page_id=91"},"modified":"2022-01-30T22:13:03","modified_gmt":"2022-01-30T22:13:03","slug":"gaz-w-butlach-33kg-do-ogrzewania","status":"publish","type":"page","link":"http:\/\/bartgazz.pl\/index.php\/gaz-w-butlach-33kg-do-ogrzewania\/","title":{"rendered":"Gaz w butlach 33kg do Ogrzewania"},"content":{"rendered":"\n<div class=\"wp-block-image\"><figure class=\"aligncenter size-full is-resized\"><img loading=\"lazy\" src=\"http:\/\/bartgazz.pl\/wp-content\/uploads\/2022\/01\/butle-33-kg.png\" alt=\"\" class=\"wp-image-118\" width=\"396\" height=\"333\"\/><\/figure><\/div>\n\n\n\n<h2 id=\"dostawa-gazu-propan-do-ogrzewania-w-butlach-33kg\">Dostawa gazu Propan  do ogrzewania w butlach 33kg<\/h2>\n\n\n\n<p>Brak przy\u0142\u0105cza gazu ziemnego?? A mo\u017ce czekasz na przy\u0142\u0105czenie do sieci gazowej?? a ju\u017c teraz potrzebujesz uruchomi\u0107 swoje ogrzewanie i wygrza\u0107 posadzki?? to zapraszamy!!!Zadzwo\u0144 i zam\u00f3w czysty propan w butlach 33kg.<\/p>\n\n\n\n<p>Ogrzewanie gazem propan z butli 33kg to coraz ch\u0119tniej stosowana alternatywa dla gazu ziemnego oraz innych \u017ar\u00f3de\u0142 ciep\u0142a.<\/p>\n\n\n\n<p><strong>Brak butli to nie problem! wypo\u017cyczymy Ci je.<\/strong><\/p>\n\n\n\n<p>Gaz dostarczymy w konkurencyjnej cenie pod wskazany adres przez ca\u0142y tydzie\u0144. <br>Zadbamy o to aby\u015b ci\u0105gle mia\u0142 pe\u0142n\u0105 butle w zapasie. <\/p>\n\n\n\n<p><strong>Zapraszamy 781-145-882, 603-696-825 <\/strong><\/p>\n\n\n\n<p><a href=\"https:\/\/www.facebook.com\/hashtag\/gaz?__eep__=6&amp;__cft__[0]=AZWIXBcsdED2t1p7N0Zn4sboilh2yXfg57A6WcSvjjfcSOsGYx4qU8lV14sUJ2Gl7I_LCpNybTv7TejE2mlkWU6224Ph8ol1sgBNTY9Pm--rOk_N8_NwQ-9SY52to7XW95QqzkE_O6EfuyiR0nboiNf6AqkU8wlij9Er7RegBvnkmb0jpAiLkv4lOIoUAdO3P1k&amp;__tn__=*NK-R\">#gaz<\/a><a href=\"https:\/\/www.facebook.com\/hashtag\/butle?__eep__=6&amp;__cft__[0]=AZWIXBcsdED2t1p7N0Zn4sboilh2yXfg57A6WcSvjjfcSOsGYx4qU8lV14sUJ2Gl7I_LCpNybTv7TejE2mlkWU6224Ph8ol1sgBNTY9Pm--rOk_N8_NwQ-9SY52to7XW95QqzkE_O6EfuyiR0nboiNf6AqkU8wlij9Er7RegBvnkmb0jpAiLkv4lOIoUAdO3P1k&amp;__tn__=*NK-R\">#butle<\/a><a href=\"https:\/\/www.facebook.com\/hashtag\/33kg?__eep__=6&amp;__cft__[0]=AZWIXBcsdED2t1p7N0Zn4sboilh2yXfg57A6WcSvjjfcSOsGYx4qU8lV14sUJ2Gl7I_LCpNybTv7TejE2mlkWU6224Ph8ol1sgBNTY9Pm--rOk_N8_NwQ-9SY52to7XW95QqzkE_O6EfuyiR0nboiNf6AqkU8wlij9Er7RegBvnkmb0jpAiLkv4lOIoUAdO3P1k&amp;__tn__=*NK-R\">#33kg<\/a><a href=\"https:\/\/www.facebook.com\/hashtag\/ogrzewanie?__eep__=6&amp;__cft__[0]=AZWIXBcsdED2t1p7N0Zn4sboilh2yXfg57A6WcSvjjfcSOsGYx4qU8lV14sUJ2Gl7I_LCpNybTv7TejE2mlkWU6224Ph8ol1sgBNTY9Pm--rOk_N8_NwQ-9SY52to7XW95QqzkE_O6EfuyiR0nboiNf6AqkU8wlij9Er7RegBvnkmb0jpAiLkv4lOIoUAdO3P1k&amp;__tn__=*NK-R\">#ogrzewanie<\/a><a href=\"https:\/\/www.facebook.com\/hashtag\/gazwbutli?__eep__=6&amp;__cft__[0]=AZWIXBcsdED2t1p7N0Zn4sboilh2yXfg57A6WcSvjjfcSOsGYx4qU8lV14sUJ2Gl7I_LCpNybTv7TejE2mlkWU6224Ph8ol1sgBNTY9Pm--rOk_N8_NwQ-9SY52to7XW95QqzkE_O6EfuyiR0nboiNf6AqkU8wlij9Er7RegBvnkmb0jpAiLkv4lOIoUAdO3P1k&amp;__tn__=*NK-R\">#gazwbutli<\/a><a href=\"https:\/\/www.facebook.com\/hashtag\/gazdodomu?__eep__=6&amp;__cft__[0]=AZWIXBcsdED2t1p7N0Zn4sboilh2yXfg57A6WcSvjjfcSOsGYx4qU8lV14sUJ2Gl7I_LCpNybTv7TejE2mlkWU6224Ph8ol1sgBNTY9Pm--rOk_N8_NwQ-9SY52to7XW95QqzkE_O6EfuyiR0nboiNf6AqkU8wlij9Er7RegBvnkmb0jpAiLkv4lOIoUAdO3P1k&amp;__tn__=*NK-R\">#gazdodomu<\/a><a href=\"https:\/\/www.facebook.com\/hashtag\/gazdoogrzewania?__eep__=6&amp;__cft__[0]=AZWIXBcsdED2t1p7N0Zn4sboilh2yXfg57A6WcSvjjfcSOsGYx4qU8lV14sUJ2Gl7I_LCpNybTv7TejE2mlkWU6224Ph8ol1sgBNTY9Pm--rOk_N8_NwQ-9SY52to7XW95QqzkE_O6EfuyiR0nboiNf6AqkU8wlij9Er7RegBvnkmb0jpAiLkv4lOIoUAdO3P1k&amp;__tn__=*NK-R\">#gazdoogrzewania<\/a><a href=\"https:\/\/www.facebook.com\/hashtag\/dow%C3%B3zgazu?__eep__=6&amp;__cft__[0]=AZWIXBcsdED2t1p7N0Zn4sboilh2yXfg57A6WcSvjjfcSOsGYx4qU8lV14sUJ2Gl7I_LCpNybTv7TejE2mlkWU6224Ph8ol1sgBNTY9Pm--rOk_N8_NwQ-9SY52to7XW95QqzkE_O6EfuyiR0nboiNf6AqkU8wlij9Er7RegBvnkmb0jpAiLkv4lOIoUAdO3P1k&amp;__tn__=*NK-R\">#dow\u00f3zgazu<\/a><a href=\"https:\/\/www.facebook.com\/hashtag\/przy%C5%82aczegazu?__eep__=6&amp;__cft__[0]=AZWIXBcsdED2t1p7N0Zn4sboilh2yXfg57A6WcSvjjfcSOsGYx4qU8lV14sUJ2Gl7I_LCpNybTv7TejE2mlkWU6224Ph8ol1sgBNTY9Pm--rOk_N8_NwQ-9SY52to7XW95QqzkE_O6EfuyiR0nboiNf6AqkU8wlij9Er7RegBvnkmb0jpAiLkv4lOIoUAdO3P1k&amp;__tn__=*NK-R\">#przy\u0142aczegazu<\/a><a href=\"https:\/\/www.facebook.com\/hashtag\/propan?__eep__=6&amp;__cft__[0]=AZWIXBcsdED2t1p7N0Zn4sboilh2yXfg57A6WcSvjjfcSOsGYx4qU8lV14sUJ2Gl7I_LCpNybTv7TejE2mlkWU6224Ph8ol1sgBNTY9Pm--rOk_N8_NwQ-9SY52to7XW95QqzkE_O6EfuyiR0nboiNf6AqkU8wlij9Er7RegBvnkmb0jpAiLkv4lOIoUAdO3P1k&amp;__tn__=*NK-R\">#propan<\/a><a href=\"https:\/\/www.facebook.com\/hashtag\/propanbutan?__eep__=6&amp;__cft__[0]=AZWIXBcsdED2t1p7N0Zn4sboilh2yXfg57A6WcSvjjfcSOsGYx4qU8lV14sUJ2Gl7I_LCpNybTv7TejE2mlkWU6224Ph8ol1sgBNTY9Pm--rOk_N8_NwQ-9SY52to7XW95QqzkE_O6EfuyiR0nboiNf6AqkU8wlij9Er7RegBvnkmb0jpAiLkv4lOIoUAdO3P1k&amp;__tn__=*NK-R\">#propanbutan<\/a><a href=\"https:\/\/www.facebook.com\/hashtag\/kocio%C5%82gazowy?__eep__=6&amp;__cft__[0]=AZWIXBcsdED2t1p7N0Zn4sboilh2yXfg57A6WcSvjjfcSOsGYx4qU8lV14sUJ2Gl7I_LCpNybTv7TejE2mlkWU6224Ph8ol1sgBNTY9Pm--rOk_N8_NwQ-9SY52to7XW95QqzkE_O6EfuyiR0nboiNf6AqkU8wlij9Er7RegBvnkmb0jpAiLkv4lOIoUAdO3P1k&amp;__tn__=*NK-R\">#kocio\u0142gazowy<\/a><a href=\"https:\/\/www.facebook.com\/hashtag\/s%C5%82upsk?__eep__=6&amp;__cft__[0]=AZWIXBcsdED2t1p7N0Zn4sboilh2yXfg57A6WcSvjjfcSOsGYx4qU8lV14sUJ2Gl7I_LCpNybTv7TejE2mlkWU6224Ph8ol1sgBNTY9Pm--rOk_N8_NwQ-9SY52to7XW95QqzkE_O6EfuyiR0nboiNf6AqkU8wlij9Er7RegBvnkmb0jpAiLkv4lOIoUAdO3P1k&amp;__tn__=*NK-R\">#s\u0142upsk<\/a><a href=\"https:\/\/www.facebook.com\/hashtag\/ustka?__eep__=6&amp;__cft__[0]=AZWIXBcsdED2t1p7N0Zn4sboilh2yXfg57A6WcSvjjfcSOsGYx4qU8lV14sUJ2Gl7I_LCpNybTv7TejE2mlkWU6224Ph8ol1sgBNTY9Pm--rOk_N8_NwQ-9SY52to7XW95QqzkE_O6EfuyiR0nboiNf6AqkU8wlij9Er7RegBvnkmb0jpAiLkv4lOIoUAdO3P1k&amp;__tn__=*NK-R\">#ustka<\/a><a href=\"https:\/\/www.facebook.com\/hashtag\/bydlino?__eep__=6&amp;__cft__[0]=AZWIXBcsdED2t1p7N0Zn4sboilh2yXfg57A6WcSvjjfcSOsGYx4qU8lV14sUJ2Gl7I_LCpNybTv7TejE2mlkWU6224Ph8ol1sgBNTY9Pm--rOk_N8_NwQ-9SY52to7XW95QqzkE_O6EfuyiR0nboiNf6AqkU8wlij9Er7RegBvnkmb0jpAiLkv4lOIoUAdO3P1k&amp;__tn__=*NK-R\">#bydlino<\/a><a href=\"https:\/\/www.facebook.com\/hashtag\/kobylnica?__eep__=6&amp;__cft__[0]=AZWIXBcsdED2t1p7N0Zn4sboilh2yXfg57A6WcSvjjfcSOsGYx4qU8lV14sUJ2Gl7I_LCpNybTv7TejE2mlkWU6224Ph8ol1sgBNTY9Pm--rOk_N8_NwQ-9SY52to7XW95QqzkE_O6EfuyiR0nboiNf6AqkU8wlij9Er7RegBvnkmb0jpAiLkv4lOIoUAdO3P1k&amp;__tn__=*NK-R\">#kobylnica<\/a><a href=\"https:\/\/www.facebook.com\/hashtag\/boles%C5%82awice?__eep__=6&amp;__cft__[0]=AZWIXBcsdED2t1p7N0Zn4sboilh2yXfg57A6WcSvjjfcSOsGYx4qU8lV14sUJ2Gl7I_LCpNybTv7TejE2mlkWU6224Ph8ol1sgBNTY9Pm--rOk_N8_NwQ-9SY52to7XW95QqzkE_O6EfuyiR0nboiNf6AqkU8wlij9Er7RegBvnkmb0jpAiLkv4lOIoUAdO3P1k&amp;__tn__=*NK-R\">#Boles\u0142awice<\/a><a href=\"https:\/\/www.facebook.com\/hashtag\/siemianice?__eep__=6&amp;__cft__[0]=AZWIXBcsdED2t1p7N0Zn4sboilh2yXfg57A6WcSvjjfcSOsGYx4qU8lV14sUJ2Gl7I_LCpNybTv7TejE2mlkWU6224Ph8ol1sgBNTY9Pm--rOk_N8_NwQ-9SY52to7XW95QqzkE_O6EfuyiR0nboiNf6AqkU8wlij9Er7RegBvnkmb0jpAiLkv4lOIoUAdO3P1k&amp;__tn__=*NK-R\">#siemianice<\/a><a href=\"https:\/\/www.facebook.com\/hashtag\/kr%C4%99pa?__eep__=6&amp;__cft__[0]=AZWIXBcsdED2t1p7N0Zn4sboilh2yXfg57A6WcSvjjfcSOsGYx4qU8lV14sUJ2Gl7I_LCpNybTv7TejE2mlkWU6224Ph8ol1sgBNTY9Pm--rOk_N8_NwQ-9SY52to7XW95QqzkE_O6EfuyiR0nboiNf6AqkU8wlij9Er7RegBvnkmb0jpAiLkv4lOIoUAdO3P1k&amp;__tn__=*NK-R\">#kr\u0119pa<\/a><a href=\"https:\/\/www.facebook.com\/hashtag\/redzikowo?__eep__=6&amp;__cft__[0]=AZWIXBcsdED2t1p7N0Zn4sboilh2yXfg57A6WcSvjjfcSOsGYx4qU8lV14sUJ2Gl7I_LCpNybTv7TejE2mlkWU6224Ph8ol1sgBNTY9Pm--rOk_N8_NwQ-9SY52to7XW95QqzkE_O6EfuyiR0nboiNf6AqkU8wlij9Er7RegBvnkmb0jpAiLkv4lOIoUAdO3P1k&amp;__tn__=*NK-R\">#redzikowo<\/a><a href=\"https:\/\/www.facebook.com\/hashtag\/g%C5%82obino?__eep__=6&amp;__cft__[0]=AZWIXBcsdED2t1p7N0Zn4sboilh2yXfg57A6WcSvjjfcSOsGYx4qU8lV14sUJ2Gl7I_LCpNybTv7TejE2mlkWU6224Ph8ol1sgBNTY9Pm--rOk_N8_NwQ-9SY52to7XW95QqzkE_O6EfuyiR0nboiNf6AqkU8wlij9Er7RegBvnkmb0jpAiLkv4lOIoUAdO3P1k&amp;__tn__=*NK-R\">#g\u0142obino<\/a><a href=\"https:\/\/www.facebook.com\/hashtag\/bierkowo?__eep__=6&amp;__cft__[0]=AZWIXBcsdED2t1p7N0Zn4sboilh2yXfg57A6WcSvjjfcSOsGYx4qU8lV14sUJ2Gl7I_LCpNybTv7TejE2mlkWU6224Ph8ol1sgBNTY9Pm--rOk_N8_NwQ-9SY52to7XW95QqzkE_O6EfuyiR0nboiNf6AqkU8wlij9Er7RegBvnkmb0jpAiLkv4lOIoUAdO3P1k&amp;__tn__=*NK-R\">#bierkowo<\/a><a href=\"https:\/\/www.facebook.com\/hashtag\/w%C5%82ynk%C3%B3wko?__eep__=6&amp;__cft__[0]=AZWIXBcsdED2t1p7N0Zn4sboilh2yXfg57A6WcSvjjfcSOsGYx4qU8lV14sUJ2Gl7I_LCpNybTv7TejE2mlkWU6224Ph8ol1sgBNTY9Pm--rOk_N8_NwQ-9SY52to7XW95QqzkE_O6EfuyiR0nboiNf6AqkU8wlij9Er7RegBvnkmb0jpAiLkv4lOIoUAdO3P1k&amp;__tn__=*NK-R\">#w\u0142ynk\u00f3wko<\/a><a href=\"https:\/\/www.facebook.com\/hashtag\/mielno?__eep__=6&amp;__cft__[0]=AZWIXBcsdED2t1p7N0Zn4sboilh2yXfg57A6WcSvjjfcSOsGYx4qU8lV14sUJ2Gl7I_LCpNybTv7TejE2mlkWU6224Ph8ol1sgBNTY9Pm--rOk_N8_NwQ-9SY52to7XW95QqzkE_O6EfuyiR0nboiNf6AqkU8wlij9Er7RegBvnkmb0jpAiLkv4lOIoUAdO3P1k&amp;__tn__=*NK-R\">#mielno<\/a><a href=\"https:\/\/www.facebook.com\/hashtag\/dar%C5%82owo?__eep__=6&amp;__cft__[0]=AZWIXBcsdED2t1p7N0Zn4sboilh2yXfg57A6WcSvjjfcSOsGYx4qU8lV14sUJ2Gl7I_LCpNybTv7TejE2mlkWU6224Ph8ol1sgBNTY9Pm--rOk_N8_NwQ-9SY52to7XW95QqzkE_O6EfuyiR0nboiNf6AqkU8wlij9Er7RegBvnkmb0jpAiLkv4lOIoUAdO3P1k&amp;__tn__=*NK-R\">#dar\u0142owo<\/a><a href=\"https:\/\/www.facebook.com\/hashtag\/d%C4%85bki?__eep__=6&amp;__cft__[0]=AZWIXBcsdED2t1p7N0Zn4sboilh2yXfg57A6WcSvjjfcSOsGYx4qU8lV14sUJ2Gl7I_LCpNybTv7TejE2mlkWU6224Ph8ol1sgBNTY9Pm--rOk_N8_NwQ-9SY52to7XW95QqzkE_O6EfuyiR0nboiNf6AqkU8wlij9Er7RegBvnkmb0jpAiLkv4lOIoUAdO3P1k&amp;__tn__=*NK-R\">#d\u0105bki<\/a><a href=\"https:\/\/www.facebook.com\/hashtag\/jaros%C5%82awiec?__eep__=6&amp;__cft__[0]=AZWIXBcsdED2t1p7N0Zn4sboilh2yXfg57A6WcSvjjfcSOsGYx4qU8lV14sUJ2Gl7I_LCpNybTv7TejE2mlkWU6224Ph8ol1sgBNTY9Pm--rOk_N8_NwQ-9SY52to7XW95QqzkE_O6EfuyiR0nboiNf6AqkU8wlij9Er7RegBvnkmb0jpAiLkv4lOIoUAdO3P1k&amp;__tn__=*NK-R\">#jaros\u0142awiec<\/a><a href=\"https:\/\/www.facebook.com\/hashtag\/sian%C3%B3w?__eep__=6&amp;__cft__[0]=AZWIXBcsdED2t1p7N0Zn4sboilh2yXfg57A6WcSvjjfcSOsGYx4qU8lV14sUJ2Gl7I_LCpNybTv7TejE2mlkWU6224Ph8ol1sgBNTY9Pm--rOk_N8_NwQ-9SY52to7XW95QqzkE_O6EfuyiR0nboiNf6AqkU8wlij9Er7RegBvnkmb0jpAiLkv4lOIoUAdO3P1k&amp;__tn__=*NK-R\">#sian\u00f3w<\/a><a href=\"https:\/\/www.facebook.com\/hashtag\/koszalin?__eep__=6&amp;__cft__[0]=AZWIXBcsdED2t1p7N0Zn4sboilh2yXfg57A6WcSvjjfcSOsGYx4qU8lV14sUJ2Gl7I_LCpNybTv7TejE2mlkWU6224Ph8ol1sgBNTY9Pm--rOk_N8_NwQ-9SY52to7XW95QqzkE_O6EfuyiR0nboiNf6AqkU8wlij9Er7RegBvnkmb0jpAiLkv4lOIoUAdO3P1k&amp;__tn__=*NK-R\">#koszalin<\/a><\/p>\n\n\n\n<p>Gaz Propan do ogrzewania  w butlach 33kg dowozimy m.in. do okolic : S\u0142upsk, Ustka, L\u0119bork, S\u0142awno, Sian\u00f3w, Koszalin, Polan\u00f3w, Dar\u0142owo, oraz wiele innych.<\/p>\n","protected":false},"excerpt":{"rendered":"<p>Dostawa gazu Propan do ogrzewania w butlach 33kg Brak przy\u0142\u0105cza gazu ziemnego?? A mo\u017ce czekasz na przy\u0142\u0105czenie do sieci gazowej?? a ju\u017c teraz potrzebujesz uruchomi\u0107 swoje ogrzewanie i wygrza\u0107 posadzki?? &#8230;<\/p>\n","protected":false},"author":1,"featured_media":0,"parent":0,"menu_order":0,"comment_status":"closed","ping_status":"closed","template":"","meta":[],"_links":{"self":[{"href":"http:\/\/bartgazz.pl\/index.php\/wp-json\/wp\/v2\/pages\/91"}],"collection":[{"href":"http:\/\/bartgazz.pl\/index.php\/wp-json\/wp\/v2\/pages"}],"about":[{"href":"http:\/\/bartgazz.pl\/index.php\/wp-json\/wp\/v2\/types\/page"}],"author":[{"embeddable":true,"href":"http:\/\/bartgazz.pl\/index.php\/wp-json\/wp\/v2\/users\/1"}],"replies":[{"embeddable":true,"href":"http:\/\/bartgazz.pl\/index.php\/wp-json\/wp\/v2\/comments?post=91"}],"version-history":[{"count":2,"href":"http:\/\/bartgazz.pl\/index.php\/wp-json\/wp\/v2\/pages\/91\/revisions"}],"predecessor-version":[{"id":119,"href":"http:\/\/bartgazz.pl\/index.php\/wp-json\/wp\/v2\/pages\/91\/revisions\/119"}],"wp:attachment":[{"href":"http:\/\/bartgazz.pl\/index.php\/wp-json\/wp\/v2\/media?parent=91"}],"curies":[{"name":"wp","href":"https:\/\/api.w.org\/{rel}","templated":true}]}}